{"id":1534,"date":"2025-08-12T18:45:14","date_gmt":"2025-08-12T17:45:14","guid":{"rendered":"https:\/\/ecoinnovate.eu\/?page_id=1534"},"modified":"2026-01-23T10:31:03","modified_gmt":"2026-01-23T09:31:03","slug":"apie-mus","status":"publish","type":"page","link":"https:\/\/ecoinnovate.eu\/index.php\/lt\/apie-mus\/","title":{"rendered":"Apie mus"},"content":{"rendered":"\t\t<div data-elementor-type=\"wp-page\" data-elementor-id=\"1534\" class=\"elementor elementor-1534\" data-elementor-post-type=\"page\">\n\t\t\t\t<div class=\"elementor-element elementor-element-3d336eb e-flex e-con-boxed e-con e-parent\" data-id=\"3d336eb\" data-element_type=\"container\" data-e-type=\"container\">\n\t\t\t\t\t<div class=\"e-con-inner\">\n\t\t\t\t<div class=\"elementor-element elementor-element-4a55101 elementor-widget elementor-widget-heading\" data-id=\"4a55101\" data-element_type=\"widget\" data-e-type=\"widget\" data-widget_type=\"heading.default\">\n\t\t\t\t<div class=\"elementor-widget-container\">\n\t\t\t\t\t<h2 class=\"elementor-heading-title elementor-size-default\">M\u016bs\u0173 vizija<\/h2>\t\t\t\t<\/div>\n\t\t\t\t<\/div>\n\t\t\t\t\t<\/div>\n\t\t\t\t<\/div>\n\t\t<div class=\"elementor-element elementor-element-2160279 e-flex e-con-boxed e-con e-parent\" data-id=\"2160279\" data-element_type=\"container\" data-e-type=\"container\">\n\t\t\t\t\t<div class=\"e-con-inner\">\n\t\t<div class=\"elementor-element elementor-element-54d764a e-con-full e-flex e-con e-child\" data-id=\"54d764a\" data-element_type=\"container\" data-e-type=\"container\">\n\t\t\t\t<div class=\"elementor-element elementor-element-3aba3bc elementor-widget__width-initial elementor-widget elementor-widget-image\" data-id=\"3aba3bc\" data-element_type=\"widget\" data-e-type=\"widget\" data-widget_type=\"image.default\">\n\t\t\t\t<div class=\"elementor-widget-container\">\n\t\t\t\t\t\t\t\t\t\t\t\t\t\t\t<img fetchpriority=\"high\" decoding=\"async\" width=\"800\" height=\"498\" src=\"https:\/\/ecoinnovate.eu\/wp-content\/uploads\/2025\/05\/lightbulb-2631864-1024x637.jpg\" class=\"attachment-large size-large wp-image-37\" alt=\"\" srcset=\"https:\/\/ecoinnovate.eu\/wp-content\/uploads\/2025\/05\/lightbulb-2631864-1024x637.jpg 1024w, https:\/\/ecoinnovate.eu\/wp-content\/uploads\/2025\/05\/lightbulb-2631864-300x187.jpg 300w, https:\/\/ecoinnovate.eu\/wp-content\/uploads\/2025\/05\/lightbulb-2631864-768x477.jpg 768w, https:\/\/ecoinnovate.eu\/wp-content\/uploads\/2025\/05\/lightbulb-2631864-1536x955.jpg 1536w, https:\/\/ecoinnovate.eu\/wp-content\/uploads\/2025\/05\/lightbulb-2631864-2048x1273.jpg 2048w\" sizes=\"(max-width: 800px) 100vw, 800px\" \/>\t\t\t\t\t\t\t\t\t\t\t\t\t\t\t<\/div>\n\t\t\t\t<\/div>\n\t\t\t\t<\/div>\n\t\t<div class=\"elementor-element elementor-element-d07d0d4 e-con-full e-flex e-con e-child\" data-id=\"d07d0d4\" data-element_type=\"container\" data-e-type=\"container\">\n\t\t\t\t<div class=\"elementor-element elementor-element-fb3c62e elementor-widget__width-initial elementor-widget elementor-widget-text-editor\" data-id=\"fb3c62e\" data-element_type=\"widget\" data-e-type=\"widget\" data-widget_type=\"text-editor.default\">\n\t\t\t\t<div class=\"elementor-widget-container\">\n\t\t\t\t\t\t\t\t\t<p>M\u016bs\u0173 tikslas \u2013 transformuoti profesin\u012f \u0161vietim\u0105 ir mokym\u0105 (VET), integruojant tvarumo principus ir dirbtin\u012f intelekt\u0105. Naudodami \u201eProduct-to-Service\u201c (P2S) model\u012f ir dirbtinio intelekto pagr\u012fstas mokymo priemones, rengiame mokinius ateities karjerai \u017ealiosios ir skaitmenin\u0117s ekonomikos srityse.&nbsp;<\/p>\t\t\t\t\t\t\t\t<\/div>\n\t\t\t\t<\/div>\n\t\t\t\t<\/div>\n\t\t\t\t\t<\/div>\n\t\t\t\t<\/div>\n\t\t<div class=\"elementor-element elementor-element-51b8cf1 e-flex e-con-boxed e-con e-parent\" data-id=\"51b8cf1\" data-element_type=\"container\" data-e-type=\"container\">\n\t\t\t\t\t<div class=\"e-con-inner\">\n\t\t\t\t<div class=\"elementor-element elementor-element-e74ed77 elementor-widget elementor-widget-heading\" data-id=\"e74ed77\" data-element_type=\"widget\" data-e-type=\"widget\" data-widget_type=\"heading.default\">\n\t\t\t\t<div class=\"elementor-widget-container\">\n\t\t\t\t\t<h2 class=\"elementor-heading-title elementor-size-default\">M\u016bs\u0173 misija<\/h2>\t\t\t\t<\/div>\n\t\t\t\t<\/div>\n\t\t\t\t\t<\/div>\n\t\t\t\t<\/div>\n\t\t<div class=\"elementor-element elementor-element-979c41e e-flex e-con-boxed e-con e-parent\" data-id=\"979c41e\" data-element_type=\"container\" data-e-type=\"container\">\n\t\t\t\t\t<div class=\"e-con-inner\">\n\t\t\t\t<div class=\"elementor-element elementor-element-5f4e947 elementor-widget__width-initial elementor-widget elementor-widget-text-editor\" data-id=\"5f4e947\" data-element_type=\"widget\" data-e-type=\"widget\" data-widget_type=\"text-editor.default\">\n\t\t\t\t<div class=\"elementor-widget-container\">\n\t\t\t\t\t\t\t\t\t<p>Suteikti profesinio mokymo ir lavinimo dalyviams bei pedagogams \u012fg\u016bd\u017eius, priemones ir m\u0105stysen\u0105, reikalingus per\u0117jimui nuo tradicini\u0173 produkt\u0173 pagr\u012fst\u0173 modeli\u0173 prie tvari\u0173 paslaug\u0173 orientuot\u0173 inovacij\u0173.<\/p>\n<p>Tai darome:<\/p>\n<ul>\n<li>Kuriame AI pagr\u012fstus <span style=\"font-weight: 400;\"><i>Edubotus<\/i><\/span>, skirtus mokyti <i>P2S<\/i> m\u0105stymo.<\/li>\n<li>Teikiame tikslin\u012f mokym\u0105 profesinio mokymo ir lavinimo pedagogams.<\/li>\n<li>Bendradarbiaujame su \u012fmon\u0117mis, siekdami susieti \u0161vietim\u0105 su realaus pasaulio inovacijomis.<\/li>\n<li>Skatiname sistemin\u012f m\u0105stym\u0105, skaitmeninius \u012fg\u016bd\u017eius ir verslumo dvasi\u0105 profesinio mokymo srityje.<\/li>\n<\/ul>\t\t\t\t\t\t\t\t<\/div>\n\t\t\t\t<\/div>\n\t\t\t\t\t<\/div>\n\t\t\t\t<\/div>\n\t\t<div class=\"elementor-element elementor-element-5bb42ad e-flex e-con-boxed e-con e-parent\" data-id=\"5bb42ad\" data-element_type=\"container\" data-e-type=\"container\">\n\t\t\t\t\t<div class=\"e-con-inner\">\n\t\t\t\t<div class=\"elementor-element elementor-element-ea14abb elementor-widget elementor-widget-heading\" data-id=\"ea14abb\" data-element_type=\"widget\" data-e-type=\"widget\" data-widget_type=\"heading.default\">\n\t\t\t\t<div class=\"elementor-widget-container\">\n\t\t\t\t\t<h2 class=\"elementor-heading-title elementor-size-default\">M\u016bs\u0173 bendradarbiavimas<\/h2>\t\t\t\t<\/div>\n\t\t\t\t<\/div>\n\t\t\t\t\t<\/div>\n\t\t\t\t<\/div>\n\t\t<div class=\"elementor-element elementor-element-1b49f9d e-flex e-con-boxed e-con e-parent\" data-id=\"1b49f9d\" data-element_type=\"container\" data-e-type=\"container\">\n\t\t\t\t\t<div class=\"e-con-inner\">\n\t\t\t\t<div class=\"elementor-element elementor-element-19752c3 elementor-widget__width-initial elementor-widget elementor-widget-text-editor\" data-id=\"19752c3\" data-element_type=\"widget\" data-e-type=\"widget\" data-widget_type=\"text-editor.default\">\n\t\t\t\t<div class=\"elementor-widget-container\">\n\t\t\t\t\t\t\t\t\t<p data-start=\"1231\" data-end=\"1418\">\u201eEcoInnovate AI+\u201c yra tarptautinis \u201eErasmus+\u201c projektas, vykdomas Lietuvoje ir Austrijoje. Jis jungia tvarumo \u017einias su dirbtinio intelekto inovacijomis, siekiant remti ekologi\u0161k\u0105 per\u0117jim\u0105 profesinio mokymo sektoriuje.<\/p><p><strong data-start=\"1490\" data-end=\"1511\">Su\u017einokite daugiau apie m\u016bs\u0173 partnerius ir j\u0173 vaidmen\u012f projekte:<br \/><\/strong><a href=\"https:\/\/ecoinnovate.eu\/index.php\/lt\/apie-mus\/elementor-1543\/\"><strong data-start=\"1490\" data-end=\"1511\">Susipa\u017einkite su m\u016bs\u0173 partneriais<\/strong><\/a><\/p>\t\t\t\t\t\t\t\t<\/div>\n\t\t\t\t<\/div>\n\t\t\t\t\t<\/div>\n\t\t\t\t<\/div>\n\t\t<div class=\"elementor-element elementor-element-470b015 e-flex e-con-boxed e-con e-parent\" data-id=\"470b015\" data-element_type=\"container\" data-e-type=\"container\">\n\t\t\t\t\t<div class=\"e-con-inner\">\n\t\t\t\t<div class=\"elementor-element elementor-element-f68bfe8 elementor-widget elementor-widget-heading\" data-id=\"f68bfe8\" data-element_type=\"widget\" data-e-type=\"widget\" data-widget_type=\"heading.default\">\n\t\t\t\t<div class=\"elementor-widget-container\">\n\t\t\t\t\t<h2 class=\"elementor-heading-title elementor-size-default\">I\u0161tyrin\u0117kite projekt\u0105<\/h2>\t\t\t\t<\/div>\n\t\t\t\t<\/div>\n\t\t\t\t\t<\/div>\n\t\t\t\t<\/div>\n\t\t<div class=\"elementor-element elementor-element-f22f7ab e-flex e-con-boxed e-con e-parent\" data-id=\"f22f7ab\" data-element_type=\"container\" data-e-type=\"container\">\n\t\t\t\t\t<div class=\"e-con-inner\">\n\t\t\t\t<div class=\"elementor-element elementor-element-7b0505a elementor-widget__width-initial elementor-widget elementor-widget-text-editor\" data-id=\"7b0505a\" data-element_type=\"widget\" data-e-type=\"widget\" data-widget_type=\"text-editor.default\">\n\t\t\t\t<div class=\"elementor-widget-container\">\n\t\t\t\t\t\t\t\t\t<p data-start=\"1567\" data-end=\"1732\">Domina m\u016bs\u0173 tikslai, veikla ir tik\u0117tini rezultatai? Su\u017einokite, kaip \u201eEcoInnovate AI+\u201c \u012fgalina nauj\u0105 kart\u0105 tvaraus m\u0105stymo atstov\u0173, naudodama pa\u017eangiausias \u0161vietimo inovacijas. M\u016bs\u0173 projektas apima praktinius i\u0161\u0161\u016bkius, interaktyvias skaitmenines priemones ir realaus pasaulio verslo scenarijus, kad pad\u0117t\u0173 mokiniams ir pedagogams ugdyti \u012fg\u016bd\u017eius, reikalingus spar\u010diai kintan\u010diame pasaulyje. Nuo \u012fdomi\u0173 <span style=\"font-weight: 400;\"><i>Edubot\u0173<\/i><\/span>&nbsp;iki praktini\u0173 atvej\u0173 tyrim\u0173 \u2013 mes kuriame mokymosi bendruomen\u0119, orientuot\u0105 \u012f k\u016brybi\u0161kum\u0105, kritin\u012f m\u0105stym\u0105 ir real\u0173 poveik\u012f, ruo\u0161dami visus dalyvius tapti tvarios verslo ir inovacij\u0173 lyderiais.<\/p>\n<p data-start=\"1567\" data-end=\"1732\"><a style=\"background-color: #ffffff; font-family: -apple-system, BlinkMacSystemFont, 'Segoe UI', Roboto, 'Helvetica Neue', Arial, 'Noto Sans', sans-serif, 'Apple Color Emoji', 'Segoe UI Emoji', 'Segoe UI Symbol', 'Noto Color Emoji'; font-size: 1rem;\" href=\"https:\/\/ecoinnovate.eu\/index.php\/lt\/apie-mus\/projektas\/\" rel=\"noopener\" data-start=\"1737\" data-end=\"1776\"><strong data-start=\"1738\" data-end=\"1759\">Apie projekt\u0105<\/strong><\/a><\/p>\t\t\t\t\t\t\t\t<\/div>\n\t\t\t\t<\/div>\n\t\t\t\t\t<\/div>\n\t\t\t\t<\/div>\n\t\t<div class=\"elementor-element elementor-element-def6c41 e-flex e-con-boxed e-con e-parent\" data-id=\"def6c41\" data-element_type=\"container\" data-e-type=\"container\">\n\t\t\t\t\t<div class=\"e-con-inner\">\n\t\t\t\t<div class=\"elementor-element elementor-element-b717f98 elementor-widget elementor-widget-heading\" data-id=\"b717f98\" data-element_type=\"widget\" data-e-type=\"widget\" data-widget_type=\"heading.default\">\n\t\t\t\t<div class=\"elementor-widget-container\">\n\t\t\t\t\t<h2 class=\"elementor-heading-title elementor-size-default\">Susisiekite su mumis<\/h2>\t\t\t\t<\/div>\n\t\t\t\t<\/div>\n\t\t\t\t\t<\/div>\n\t\t\t\t<\/div>\n\t\t<div class=\"elementor-element elementor-element-ef2f2f8 e-flex e-con-boxed e-con e-parent\" data-id=\"ef2f2f8\" data-element_type=\"container\" data-e-type=\"container\">\n\t\t\t\t\t<div class=\"e-con-inner\">\n\t\t<div class=\"elementor-element elementor-element-1deea5c e-con-full e-flex e-con e-child\" data-id=\"1deea5c\" data-element_type=\"container\" data-e-type=\"container\">\n\t\t\t\t<div class=\"elementor-element elementor-element-db56617 elementor-widget__width-initial elementor-widget elementor-widget-text-editor\" data-id=\"db56617\" data-element_type=\"widget\" data-e-type=\"widget\" data-widget_type=\"text-editor.default\">\n\t\t\t\t<div class=\"elementor-widget-container\">\n\t\t\t\t\t\t\t\t\t<p data-start=\"1422\" data-end=\"1528\">Esame atviri bendradarbiavimui ir \u017eini\u0173 mainams su \u0161viet\u0117jais, novatoriais ir pramon\u0117s sektoriaus partneriais. Nesvarbu, ar norite pasidalinti \u012f\u017evalgomis, ie\u0161koti partneryst\u0117s galimybi\u0173, ar tiesiog norite su\u017einoti daugiau apie m\u016bs\u0173 misij\u0105, kvie\u010diame susisiekti su m\u016bs\u0173 komanda. Susisiekite su mumis arba sekite m\u016bs\u0173 kelion\u0119, kuri\u0105 kartu formuojame tvaraus \u0161vietimo ir inovacij\u0173 srityse.<\/p>\n<p data-start=\"1911\" data-end=\"1948\"><a class=\"cursor-pointer\" href=\"https:\/\/ecoinnovate.eu\/index.php\/about-us\/contact\/\" rel=\"noopener\" data-start=\"1914\" data-end=\"1948\"><strong data-start=\"1915\" data-end=\"1931\">Susisiekite su mumis<\/strong><\/a><\/p>\t\t\t\t\t\t\t\t<\/div>\n\t\t\t\t<\/div>\n\t\t\t\t<\/div>\n\t\t<div class=\"elementor-element elementor-element-1beabbd e-con-full e-flex e-con e-child\" data-id=\"1beabbd\" data-element_type=\"container\" data-e-type=\"container\">\n\t\t\t\t<div class=\"elementor-element elementor-element-bda0ae0 elementor-widget__width-initial elementor-widget elementor-widget-image\" data-id=\"bda0ae0\" data-element_type=\"widget\" data-e-type=\"widget\" data-widget_type=\"image.default\">\n\t\t\t\t<div class=\"elementor-widget-container\">\n\t\t\t\t\t\t\t\t\t\t\t\t\t\t\t<img decoding=\"async\" width=\"800\" height=\"534\" src=\"https:\/\/ecoinnovate.eu\/wp-content\/uploads\/2025\/05\/rice-field-7890204-1024x683.jpg\" class=\"attachment-large size-large wp-image-40\" alt=\"\" srcset=\"https:\/\/ecoinnovate.eu\/wp-content\/uploads\/2025\/05\/rice-field-7890204-1024x683.jpg 1024w, https:\/\/ecoinnovate.eu\/wp-content\/uploads\/2025\/05\/rice-field-7890204-300x200.jpg 300w, https:\/\/ecoinnovate.eu\/wp-content\/uploads\/2025\/05\/rice-field-7890204-768x512.jpg 768w, https:\/\/ecoinnovate.eu\/wp-content\/uploads\/2025\/05\/rice-field-7890204-1536x1024.jpg 1536w, https:\/\/ecoinnovate.eu\/wp-content\/uploads\/2025\/05\/rice-field-7890204-2048x1365.jpg 2048w\" sizes=\"(max-width: 800px) 100vw, 800px\" \/>\t\t\t\t\t\t\t\t\t\t\t\t\t\t\t<\/div>\n\t\t\t\t<\/div>\n\t\t\t\t<\/div>\n\t\t\t\t\t<\/div>\n\t\t\t\t<\/div>\n\t\t<div class=\"elementor-element elementor-element-d58ff47 e-flex e-con-boxed e-con e-parent\" data-id=\"d58ff47\" data-element_type=\"container\" data-e-type=\"container\">\n\t\t\t\t\t<div class=\"e-con-inner\">\n\t\t\t\t\t<\/div>\n\t\t\t\t<\/div>\n\t\t\t\t<\/div>\n\t\t","protected":false},"excerpt":{"rendered":"<p>M\u016bs\u0173 vizija M\u016bs\u0173 tikslas \u2013 transformuoti profesin\u012f \u0161vietim\u0105 ir mokym\u0105 (VET), integruojant tvarumo principus ir dirbtin\u012f intelekt\u0105. Naudodami \u201eProduct-to-Service\u201c (P2S) [&hellip;]<\/p>\n","protected":false},"author":4,"featured_media":0,"parent":0,"menu_order":0,"comment_status":"closed","ping_status":"closed","template":"","meta":{"footnotes":""},"class_list":["post-1534","page","type-page","status-publish","hentry"],"_links":{"self":[{"href":"https:\/\/ecoinnovate.eu\/index.php\/wp-json\/wp\/v2\/pages\/1534","targetHints":{"allow":["GET"]}}],"collection":[{"href":"https:\/\/ecoinnovate.eu\/index.php\/wp-json\/wp\/v2\/pages"}],"about":[{"href":"https:\/\/ecoinnovate.eu\/index.php\/wp-json\/wp\/v2\/types\/page"}],"author":[{"embeddable":true,"href":"https:\/\/ecoinnovate.eu\/index.php\/wp-json\/wp\/v2\/users\/4"}],"replies":[{"embeddable":true,"href":"https:\/\/ecoinnovate.eu\/index.php\/wp-json\/wp\/v2\/comments?post=1534"}],"version-history":[{"count":34,"href":"https:\/\/ecoinnovate.eu\/index.php\/wp-json\/wp\/v2\/pages\/1534\/revisions"}],"predecessor-version":[{"id":3525,"href":"https:\/\/ecoinnovate.eu\/index.php\/wp-json\/wp\/v2\/pages\/1534\/revisions\/3525"}],"wp:attachment":[{"href":"https:\/\/ecoinnovate.eu\/index.php\/wp-json\/wp\/v2\/media?parent=1534"}],"curies":[{"name":"wp","href":"https:\/\/api.w.org\/{rel}","templated":true}]}}